69 divide 1326?
False
Is 2444935 a multiple of 1685?
True
Is 507 even?
False
Does 79 divide 213063?
True
Does 3 divide 31529?
False
Is 16017074 a multiple of 16?
False
Is 5 a factor of 2270?
True
Is 109 a factor of 2150788?
True
Does 56 divide 43630?
False
Does 20 divide 6490?
False
Is 1292088 a multiple of 634?
False
Is 1256093 a multiple of 22?
False
Does 29 divide 3231267?
True
Is 312 a factor of 359424?
True
Is 68080 a multiple of 9?
False
Is 7051251 a multiple of 4?
False
Is 73 a factor of 88841?
True
Is 110390 a multiple of 5?
True
Is 63 a factor of 25765?
False
Is 523341 a multiple of 819?
True
Is 246 a factor of 922895?
False
Does 192 divide 1078080?
True
Does 224 divide 1627808?
True
Does 228 divide 18689?
False
Is 9 a factor of 7870509?
True
Is 415 a factor of 91255?
False
Does 36 divide 15168312?
True
Does 19 divide 1416658?
False
Is 2 a factor of 372784?
True
Does 38 divide 1409624?
False
Is 12 a factor of 180324?
True
Is 192 a factor of 714048?
True
Is 1921 a multiple of 33?
False
Does 242 divide 20396281?
False
Does 17 divide 383945?
True
Does 305 divide 119560?
True
Does 19 divide 56320?
False
Is 914719 a multiple of 13?
True
Does 17 divide 1959842?
False
Does 9 divide 1702701?
True
Is 209681 a multiple of 425?
False
Is 88 a factor of 140272?
True
Is 174 a factor of 631524?
False
Is 8 a factor of 79882?
False
Does 6 divide 62950?
False
Is 65 a factor of 3826169?
False
Is 46 a factor of 849850?
True
Is 1107 a multiple of 27?
True
Does 13 divide 439998?
True
Is 41 a factor of 2357464?
False
Is 39125 a multiple of 78?
False
Is 1014499 a multiple of 239?
False
Does 10 divide 778066?
False
Is 433 a factor of 14353901?
False
Is 17 a factor of 6335584?
False
Is 64 a factor of 11385759?
False
Does 15 divide 507145?
False
Is 375280 a multiple of 169?
False
Does 228 divide 336984?
True
Does 76 divide 248382?
False
Is 1419733 a multiple of 889?
True
Does 157 divide 563625?
False
Is 35 a factor of 653422?
False
Is 35 a factor of 31500?
True
Is 236521 a multiple of 20?
False
Is 3 a factor of 21282?
True
Is 17 a factor of 174726?
True
Is 35 a factor of 3387047?
False
Is 10 a factor of 6636891?
False
Is 116667 a multiple of 261?
True
Is 255 a factor of 194120?
False
Is 15 a factor of 580996?
False
Is 314916 a multiple of 132?
False
Is 874591 a multiple of 397?
True
Is 678 a factor of 20176602?
True
Is 1173 a factor of 10126509?
True
Does 9 divide 1494630?
True
Is 21830 a multiple of 16?
False
Is 209023 a multiple of 29?
False
Does 22 divide 183129?
False
Does 3 divide 46032?
True
Is 271801 a multiple of 25?
False
Is 14615950 a multiple of 50?
True
Does 116 divide 2100677?
False
Is 94 a factor of 235376?
True
Does 260 divide 1144268?
False
Is 760 a factor of 5163231?
False
Is 13 a factor of 206699?
False
Does 352 divide 829664?
True
Is 142800 a multiple of 28?
True
Is 661670 a multiple of 864?
False
Is 166482 a multiple of 11?
False
Is 7491015 a multiple of 392?
False
Is 327225 a multiple of 5?
True
Is 480000 a multiple of 625?
True
Is 5 a factor of 133025?
True
Is 214 a factor of 7856232?
False
Is 463545 a multiple of 63?
False
Is 7 a factor of 56182?
True
Is 42 a factor of 683928?
True
Is 6 a factor of 570596?
False
Does 133 divide 2230543?
True
Is 309 a factor of 71379?
True
Is 595 a factor of 2919735?
False
Does 15 divide 207270?
True
Is 42180 a multiple of 37?
True
Is 62 a factor of 661365?
False
Is 80 a factor of 10480?
True
Does 598 divide 513536?
False
Is 5002417 a multiple of 557?
True
Is 4 a factor of 13275?
False
Is 1866 a factor of 18861344?
False
Does 67 divide 34237?
True
Does 24 divide 17996246?
False
Does 130 divide 171080?
True
Is 179592 a multiple of 418?
False
Does 65 divide 2398565?
True
Does 52 divide 132756?
True
Is 47 a factor of 364297?
True
Is 5 a factor of 329?
False
Does 58 divide 47270?
True
Is 1396 a factor of 3462080?
True
Is 51 a factor of 1336557?
True
Is 305314 a multiple of 262?
False
Is 71310 a multiple of 15?
True
Is 15 a factor of 19056269?
False
Does 147 divide 92757?
True
Does 23 divide 4322413?
True
Is 463 a factor of 520122?
False
Is 2088811 a multiple of 6?
False
Is 65825 a multiple of 25?
True
Is 196231 a multiple of 97?
True
Does 46 divide 427062?
False
Is 166 a factor of 368?
False
Does 7 divide 2336648?
False
Is 22 a factor of 400727?
False
Does 275 divide 10327920?
False
Is 13 a factor of 3225275?
False
Does 316 divide 6536144?
True
Is 98 a factor of 123382?
True
Is 13 a factor of 106223?
True
Is 24 a factor of 174304?
False
Is 186 a factor of 329345?
False
Is 348 a factor of 154587?
False
Does 12 divide 595562?
False
Does 2 divide 143034?
True
Is 131 a factor of 14291?
False
Does 5 divide 89400?
True
Does 20 divide 4078549?
False
Does 23 divide 3076601?
False
Does 13 divide 22139?
True
Does 83 divide 2423600?
True
Is 16 a factor of 6344993?
False
Is 7144524 a multiple of 612?
False
Does 68 divide 573376?
True
Is 356314 a multiple of 7?
True
Does 5 divide 10700?
True
Is 26159 a multiple of 3?
False
Is 730303 a multiple of 734?
False
Does 3 divide 860151?
True
Does 12 divide 1459572?
True
Is 42432 a multiple of 24?
True
Is 16365 a multiple of 10?
False
Is 3887719 a multiple of 165?
False
Is 362928 a multiple of 24?
True
Does 3 divide 201248?
False
Does 16 divide 5675920?
True
Is 295539 a multiple of 97?
False
Is 72 a factor of 3856159?
False
Is 8993 a multiple of 529?
True
Is 31 a factor of 144886?
False
Is 1727 a factor of 7842159?
False
Is 29 a factor of 17777?
True
Is 27 a factor of 364559?
False
Is 1423 a factor of 4996153?
True
Does 35 divide 727230?
True
Is 824427 a multiple of 3?
True
Is 41449 even?
False
Does 19 divide 3354?
False
Does 65 divide 1528735?
True
Is 50403 a multiple of 159?
True
Does 113 divide 27346?
True
Does 89 divide 5138030?
False
Does 31 divide 569562?
False
Does 34 divide 1515458?
False
Is 257018 a multiple of 54?
False
Is 5 a factor of 124700?
True
Is 6739 a multiple of 7?
False
Is 21087 a multiple of 15?
False
Does 7 divide 2441810?
True
Does 3 divide 31731?
True
Is 16 a factor of 1875529?
False
Does 52 divide 18184?
False
Is 262 a factor of 14947914?
False
Does 5 divide 5608?
False
Is 129762 a multiple of 243?
True
Is 5 a factor of 51060?
True
Is 33057 a multiple of 4?
False
Is 68590 a multiple of 84?
False
Is 391 a factor of 2999361?
True
Is 1561066 a multiple of 902?
False
Is 60 a factor of 2033220?
True
Is 32 a factor of 18624?
True
Is 728570 a multiple of 205?
True
Is 290 a factor of 50460?
True
Is 4112236 a multiple of 263?
False
Is 6655264 a multiple of 32?
True
Is 658949 even?
False
Is 1936620 a multiple of 90?
True
Is 176417 a multiple of 31?
False
Does 93 divide 7363647?
True
Is 198 a factor of 506286?
True
Does 156 divide 22014?
False
Does 22 divide 1803802?
True
Does 302 divide 335522?
True
Is 645890 a multiple of 30?
False
Is 16049550 a multiple of 781?
True
Does 657 divide 781830?
True
Does 71 divide 75809?
False
Does 115 divide 296930?
True
Does 3 divide 16770?
True
Does 91 divide 404040?
True
Is 9 a factor of 28341?
True
Is 301904 a multiple of 16?
True
Is 92994 a multiple of 66?
True
Is 9462 a multiple of 19?
True
Does 19 divide 132582?
True
Does 737 divide 21560935?
True
Is 95 a factor of 70880?
False
Does 149 divide 240567?
False
Does 22 divide 1936?
True
Does 5 divide 733029?
False
Is 1549600 a multiple of 200?
True
Is 2647754 a multiple of 268?
False
Does 397 divide 2370727?
False
Does 110 divide 2002086?
False
Is 35 a factor of 99443?
False
Is 27 a factor of 180009?
True
Is 10055533 a multiple of 50?
False
Is 360399 a multiple of 13?
True
Does 40 divide 19240?
True
Is 669 a factor of 31279?
False
Is 1335918 a multiple of 106?
True
Is 406 a factor of 171738?
True
Does 4 divide 6792?
True
Is 101 a factor of 147561?
True
Does 980 divide 4971540?
True
Is 65837 a multiple of 204?
False
Does 14 divide 30676?
False
Does 191 divide 2720222?
True
Does 69 divide 260760?
False
Is 2945807 a multiple of 244?
False
Is 1813113 a multiple of 69?
True
Is 20549 a multiple of 5?
False
Is 11 a factor of 1034396?
True
Is 9792 a multiple of 12?
True
Is 7446600 a multiple of 108?
True
Does 58 divide 11135594?
True
Is 47 a factor of 3375827?
False
Is 65 a factor of 3781851?
False
Does 41 divide 80290?
False
Does 17 divide 1567841?
False
Does 14 divide 445340?
True
Is